*f - 2*f. Let g(v) = -4*v - v**3 + 2*v + 2*v**3 - 5*v**2 + 2. Give g(f).
-8
Let y(v) = v**3 - 7*v**2 + 5*v + 6. Let a be y(6). Let p(h) = h**2 - h + 2. Determine p(a).
2
Suppose 4*r = 10 - 2. Let n(f) = f**2 + r - 4 + 2*f**2 + 4*f - 4*f**2. What is n(4)?
-2
Let z(j) = -5 + 0 + j**3 + 2 + j**2. Let u be z(0). Let f(i) = -7*i. Let b(x) = 6*x. Let k(g) = 6*b(g) + 5*f(g). What is k(u)?
-3
Let y(p) = 4*p - 2. Let z be y(2). Let r = z - 0. Let w(g) = -g**2 + 6*g - 6. What is w(r)?
-6
Let a be (4 + -2 + 1)/3. Let m(p) = p + a + 0*p - 2. Calculate m(-5).
-6
Let h(x) be the first derivative of -x**7/840 + x**6/60 + 7*x**5/120 - x**4/4 - 2*x**3/3 - 7. Let t(u) be the third derivative of h(u). What is t(7)?
-6
Suppose 5*l - 7*o + 8*o = 25, 0 = -4*l + 2*o + 34. Let p(i) = -i + 13. Let d(a) = 2 + 3 - 4. Let z(v) = d(v) + p(v). What is z(l)?
8
Let s(t) = 5*t**2 + 11*t + 8. Let a(x) = 14*x**2 + 32*x + 23. Let g(r) = -6*a(r) + 17*s(r). Suppose z = -2*k + 10, -2*z + 4*k + 1 + 3 = 0. Determine g(z).
4
Let m(o) = -o - 1. Let f = 10 - 6. Suppose f*n - 2*n = -2*g - 12, g = n - 6. What is m(g)?
5
Let y(p) = 0*p**3 - 24*p**2 - 2*p - 2*p**3 + 22*p**2 + p**3 - 3. Let l = -2 + 0. Let j be y(l). Let v(k) = 2*k**2 + k. What is v(j)?
3
Let k(m) = -m**2 + m**3 - 2*m**2 + 2 + 8*m**2 + 5*m. Let n = 9 + -13. Determine k(n).
-2
Let d(y) be the third derivative of -y**5/60 + y**4/3 + y**3/6 - 3*y**2. Let t be d(8). Let g(o) = -4*o**2 - o + 1. Give g(t).
-4
Let p(d) = 5*d**2 - 12. Let q(k) = -4*k**2 + 10. Let v(j) = -5*p(j) - 6*q(j). Determine v(-1).
-1
Let i(c) be the third derivative of -c**7/2520 - c**6/720 + c**5/120 - c**4/6 - 5*c**2. Let z(b) be the second derivative of i(b). Determine z(-1).
1
Let q(i) = i - 1. Let y be q(4). Let v(x) = -x**3 + 3*x**2 + 3. What is v(y)?
3
Let l(k) = -5*k**2 + 6*k - 2. Let q(z) = 4*z**2 - 6*z + 3. Let v(h) = 3*l(h) + 4*q(h). Let m = -1 + 6. Give v(m).
1
Let w(d) = -d + 8. Let y be w(9). Let h(m) be the third derivative of m**6/24 - m**4/24 - m**3/6 + 7*m**2. Give h(y).
-5
Let a(x) be the first derivative of x**3/3 + 4*x**2 + 63. Determine a(-8).
0
Let w(g) = -2*g + 7. Let z(s) = 4*s - 15. Let b(d) = 9*w(d) + 4*z(d). Determine b(5).
-7
Let g = 864 + -51839/60. Let a(h) be the third derivative of -5/24*h**4 - h**2 + 0 + 0*h + g*h**5 + 1/2*h**3. Calculate a(5).
3
Let d(o) = -o. Suppose -7*l = 2*l + 45. Determine d(l).
5
Let p(b) = b**3 - 5*b**2 + 7*b - 4. Suppose 0 = 4*d + 2*a - 56, -a + 27 = 3*d - 13. Suppose 5*z + 0*z = 15. Suppose 0*i = z*i - d. Give p(i).
8
Let s be 2/((-6)/(-3)) - 1. Let f(o) = s*o - 4*o + 7 + 3*o. Determine f(6).
1
Let y(x) = -3*x - 4 + 7*x - x - 2*x**2 + 0*x. Give y(3).
-13
Let u(s) = -s**3 - 7*s**2 - 6*s - 7. Suppose 0*k - 5*k - 40 = -5*o, 5*k + 42 = 3*o. Let d be 6/9*(k - 0). Give u(d).
-7
Let p be (-4)/6 - 44/(-12). Let k = 7 - p. Suppose 2*u + 0 = -k. Let o(h) = 2*h + 2. What is o(u)?
-2
Suppose 0 = -7*v + 6*v. Let i(n) be the first derivative of n**5/20 + 3*n**2/2 - 2*n - 1. Let c(k) be the first derivative of i(k). Give c(v).
3
Let i(p) be the first derivative of -p**4/4 + 2*p**3 - 7*p**2/2 - 7. Let b = 6 + -1. Give i(b).
-10
Let z(r) = r**3 + 7*r**2 + 6*r - 1. Let x = -8 - -11. Let m = -9 + x. What is z(m)?
-1
Let i = -2 - -1. Let j(l) be the second derivative of l**5/120 + l**4/24 - l**3/6 - l. Let f(v) be the second derivative of j(v). Determine f(i).
0
Let b be (-9)/(-6) + 27/(-6). Let p(j) be the second derivative of 2*j**3/3 + 7*j**2/2 + 3*j. Let t(y) = -y - 1. Let o(i) = p(i) + 6*t(i). Calculate o(b).
7
Let o(v) = -3*v**3 - 2*v**2 + 25*v + 8. Let a(l) = 2*l**3 + l**2 - 17*l - 5. Let h be 2 + 1 - 3 - -7. Let f(p) = h*a(p) + 5*o(p). Calculate f(-4).
-3
Let p(l) be the first derivative of 1/4*l**4 + 1 + 5/3*l**3 + 0*l**2 + 5*l. Calculate p(-5).
5
Let v(n) be the third derivative of 5*n**4/12 + n**3/6 + 2*n**2. Suppose -3*f + 7 = 5*w, 3*w + 8 = 7*w + 3*f. Determine v(w).
-9
Let z(q) = -3*q + 1. Suppose 4*t - 44 = -2*p - 2*p, 2*p - 2*t = 18. Let o = -7 + p. Suppose -o*l = -l - 6. Calculate z(l).
-8
Let j(z) = -z - 5. Let k(n) = -n**3 - 4*n**2 - 5. Let q be k(-4). Let y be j(q). Suppose 2*g + 3*l = -y*l + 1, -g - 2*l = 0. Let v(m) = 4*m - 1. What is v(g)?
7
Let h(p) = p**3 + 11*p**2 + 10*p - 3. Suppose -2*v + 4 = 24. Calculate h(v).
-3
Let y(h) be the second derivative of -h**5/20 + 5*h**4/12 + h**3/6 - 3*h**2 + 7*h. Give y(5).
-1
Let n(q) be the third derivative of 0 - 1/120*q**5 - 1/24*q**4 + 0*q - 1/180*q**6 + 1/6*q**3 - q**2. Let h(v) be the first derivative of n(v). Calculate h(-2).
-7
Let q(s) = -s - 1. Let h(o) = o**3 + 0*o**3 + 3 - 3*o**2 - 2 + o**2. Let d be h(2). Let i be ((-2)/4)/(d/10). What is q(i)?
4
Let g(a) = a - 1. Let y(d) = -14*d + 7. Let q(h) = -6*g(h) - y(h). Determine q(1).
7
Let v(o) = o**3 + 7*o**2 - 9*o. Let i(q) = q**3 - q**2 - 1. Let z(n) = 2*i(n) - v(n). Give z(8).
6
Let p(t) = t - 10. Suppose -5*r + 25 = 0, 0 = 5*n + 3*r - 16 - 39. Calculate p(n).
-2
Let b(r) = 9*r. Let w be 9/12 + (-76)/16. Let g(s) = -4*s. Let y(v) = w*b(v) - 7*g(v). Calculate y(1).
-8
Let g(s) = -22*s - 6 + 52*s - 15*s - 19*s. Give g(-4).
10
Let d(n) = -11*n - 11. Let k(r) = 10*r + 5. Let y(h) = -5*h - 3. Let p(x) = 2*k(x) + 5*y(x). Let f(i) = 4*d(i) - 9*p(i). Determine f(2).
3
Let t be 5*2/(-5) + (1 - -1). Let s(y) = y**2 - y + 6. Calculate s(t).
6
Let z be (-3*(-4)/(-21))/((-4)/14). Let w(m) = -2*m**2 - 2*m - 1. Calculate w(z).
-13
Suppose 3*q + 5 = -j, -2*j = -5*j + 5*q - 15. Let x(v) be the second derivative of -v**4/12 - 7*v**3/6 - 3*v**2 - v. Calculate x(j).
4
Let d(g) = -4*g**2 + 15 - g**3 - 2*g - 9 - 10. Let u(x) = -x**2 + 5*x + 3. Let l be u(6). Give d(l).
-7
Let l be ((-2)/(-10) + 1)/((-10)/(-50)). Let c(y) = -y**2 + 7*y. What is c(l)?
6
Let m be 17/4 - 1/4. Let x = m - 2. Let l(y) = -1 - 3*y + 3 - 3*y**x + 6*y + 0 - y**3. What is l(-4)?
6
Let x(o) = 2*o - 10. Let s be x(7). Suppose -5*d + s*d + 19 = -3*p, -4*d + 26 = -2*p. Let n(g) = g**2 + 4*g - 3. What is n(p)?
2
Let q(r) be the third derivative of r**4/8 - r**3/6 - 3*r**2. Let c be -1*(-3)/6*0. Suppose 5*w - 5 + c = 0. Determine q(w).
2
Let y(d) = d + 8. Suppose x + 4 = 4*a + 3, -4*a - 5*x - 5 = 0. Give y(a).
8
Let t(r) = 2*r**3 - 2*r**2 + 2*r + 1. Let a be ((-24)/32)/(57/(-24) - -2). What is t(a)?
13
Let i(v) = -v + v**3 - 2 - 3*v + 2*v**2 + 0*v. Let h = -11 - -13. Suppose 7 = -3*l - h. Calculate i(l).
1
Let i(u) = -6*u + 3. Let p be -1 + 1*-2 + 0. Suppose -2*l - 1 = y, -l - 4*y = -4*l + 26. Let m be l/p - 24/(-9). Calculate i(m).
-9
Suppose 0 = h + 3 + 2. Let i(t) = -2 + 1 + 2 - t - 5. Give i(h).
1
Let b = 1 - 0. Let z(p) = -7*p + 6. Let x(a) = a - 1. Let k(q) = 6*x(q) + z(q). What is k(b)?
-1
Let l be -2*(-4)/8 - -6. Let j(z) = z**3 + 9*z**2 + 8*z + 6. Let x(g) = -g**3 - 8*g**2 - 7*g - 5. Let m(o) = l*x(o) + 6*j(o). Give m(-2).
3
Let t(r) = r + 1. Let d(w) = -22*w - 12. Let u(h) = -d(h) - 12*t(h). Give u(1).
10
Let i be 2/(-7) - (-153)/21. Let o = i - 5. Let v(r) = 2*r - 2*r**2 - 3 + r**o + r**2 - r**2. What is v(4)?
-11
Let s(w) = 38*w**2 - 16*w - 6*w**2 - 5 + 9*w**2. Let z(o) = 8*o**2 - 3*o - 1. Let g(x) = -2*s(x) + 11*z(x). Calculate g(-1).
6
Let m(k) = 3 + 157*k - 50*k - 58*k - 55*k. Calculate m(2).
-9
Let i(g) = -7*g**2 - g + 1. Let j be (-2 - 0) + 3 - 0. Suppose -4*l - 3*s + j = 0, -4 = 5*s + 1. Determine i(l).
-7
Suppose -3*a = -2*a + 36. Let b be 4/(-14) - a/28. Let m(v) = -4*v**3 - v. What is m(b)?
-5
Let c(h) be the third derivative of -h**4/6 - 3*h**3/2 - 2*h**2. Determine c(-6).
15
Let k(p) = -10*p + 30. Let y(f) = 2*f - 6. Let n(w) = 3*k(w) + 14*y(w). Let l = 20 + -7. Let q = 18 - l. Calculate n(q).
-4
Let b(j) = -j - 2. Let l = -3 + 9. Determine b(l).
-8
Let p be 2*(130/(-39) - 4/6). Let h(y) be the first derivative of y**3/3 + 3*y**2 - 11*y - 2. Give h(p).
5
Let i be 5/(-4) + (-2)/(-8). Let y(p) be the first derivative of -3/2*p**2 - 1 + p. Determine y(i).
4
Let h(x) = -7*x + 22. Let j(t) = 11*t - 33. Let z(q) = 8*h(q) + 5*j(q). Suppose 5*o = -5 + 15. Let c be 13/o + 2/(-4). Calculate z(c).
5
Let q be (-1*2)/(-3 - -2). Let y(f) = -5*f**2 - 2*f + f**2 - f**2 - 1 - q*f**2. Calculate y(-1).
-6
Let o(f) = -f + 10. Let b be o(7). Let j(k) = -3 - 1 + b*k - 4*k + 3*k. Give j(5).
6
Let d be 5/(5/6)*-1. Let m(f) = 7*f - 4. Let w(s) be t